 -1 + 17?
15
Suppose -53*q + 46*q = -175. What is the remainder when q is divided by 13?
12
Suppose -34*r + 3*r + 279 = 0. Calculate the remainder when r is divided by 3.
0
Let b = 79 - -10. Calculate the remainder when b is divided by 24.
17
Suppose -6*c = -4*g - 0*g - 52, -5*c + 36 = 4*g. Suppose 3*d - d = 72. Calculate the remainder when d is divided by c.
4
What is the remainder when (-680)/(-12) - 8/(-24) is divided by 12?
9
Suppose 0 = -5*f - 4*m + 87, -5*f - 5*m = -6*m - 97. Suppose -3*o = 3*v - 165, -2*v + 24 = o - 32. What is the remainder when o is divided by f?
16
Suppose -2009 = -64*k + 15*k. Calculate the remainder when 203 is divided by k.
39
Suppose -5*s = -25, -4*s = -2*m - 3*m. Suppose 4*l - 1 = a, 2*a + m*l - 34 = 12. What is the remainder when 55 is divided by a?
10
Let s(d) = -d**3 - d**2 + 10*d + 18. What is the remainder when 39 is divided by s(-3)?
3
Let d(w) be the first derivative of 2*w**2 - 7*w + 6 - w**3 - 1/4*w**4. What is the remainder when d(-5) is divided by 12?
11
Suppose -2*q + q + 2*d = 44, 3*d - 83 = 2*q. What is the remainder when 134 is divided by 2/(66/q + 2)?
32
Let s(u) = -2*u**2 + u + 853. Let t be s(0). Let k = t + -583. What is the remainder when k is divided by 39?
36
Let l(h) = h**3 - 6*h**2 - 7*h + 4. Let v = 178 + -164. Calculate the remainder when v is divided by l(7).
2
Calculate the remainder when ((-174)/8)/((-15)/120) is divided by 19.
3
Suppose 8*n - 33*n = -6700. Calculate the remainder when n is divided by 54.
52
Suppose -j - j = 206. Let c be 2*1*(7 - 44). Let b = c - j. Calculate the remainder when 85 is divided by b.
27
Let v = 545 + -451. What is the remainder when 365 is divided by v?
83
Let i = -10 + 12. Suppose i*b = -4*f + 8, -f - 4*f - b + 4 = 0. Let s = f + 7. What is the remainder when 24 is divided by s?
3
Suppose 19 = 10*k - 9*k. Suppose 13*a - 12 = 53. What is the remainder when k is divided by a?
4
Suppose -s + 27 = 9. Suppose 0 = -27*g - 0*g + 1917. What is the remainder when g is divided by s?
17
Let z = -42 + 110. Let c = 84 - z. What is the remainder when 45 is divided by c?
13
Calculate the remainder when -36*(-20)/30 - -5 is divided by 8.
5
Suppose 2*u - 7*u = -15, 4*u = g + 4. Let b = g + -9. What is the remainder when (70/(-6))/(b/3) is divided by 9?
8
Let i be (-132)/(-30) - (-2)/(-5). Suppose 4*s = 2*m + i, -3*s + 24 + 5 = 5*m. Calculate the remainder when 37 is divided by (-565)/(-30) - s/(-18).
18
Let u = -166 - -176. Let h = -47 - -86. What is the remainder when h is divided by u?
9
Let a = -54 - -57. Suppose -a*h = -5*u + 39, 9 = 4*u - u + 3*h. What is the remainder when u is divided by 5?
1
Suppose 4*g = 10 + 6. Suppose -2*s = 2*s - 20. Suppose 0 = n - 3, -3*q = -q - s*n - 15. Calculate the remainder when q is divided by g.
3
Suppose -3*k = -8*k + 70. Let d be 16/((1 + 81/(-75))*5). Let x = 45 + d. What is the remainder when k is divided by x?
4
What is the remainder when 26 is divided by 5 + -6 + -1 + 16?
12
Suppose -5*k + 8*k - 12 = 0. Suppose 3*m - k*s = 74, m - 19 = 3*s + 4. Calculate the remainder when 231 is divided by m.
23
Suppose -5*f + 2*a - 14 + 100 = 0, -2*a - 50 = -3*f. Suppose 35*n - 31*n = 5*q - 210, -q + 66 = 4*n. Calculate the remainder when q is divided by f.
10
Let z be 36/10*(-40)/(-12). Suppose 10*r = z*r - 216. What is the remainder when r is divided by 56?
52
Let s = 7 + -18. Let n = s + 9. Let f(l) = 3*l**2 - l - 3. Calculate the remainder when f(n) is divided by 4.
3
Let d = -17 - -19. Suppose -4*n + 4 = -4, -d*b + n = -84. What is the remainder when b is divided by 9?
7
Suppose -27 = 23*q - 24*q. Calculate the remainder when q is divided by 13.
1
Suppose 5*t = -20, -h - t + 2 = 3*t. Let b(d) = 2*d - 7. Let f be b(5). Suppose 4*i - f*i - 71 = 0. What is the remainder when i is divided by h?
17
Suppose 2*z = -3*z - 5. Calculate the remainder when ((-99875)/400)/(-5) - (-1)/16 is divided by (1/2)/(z/(-26)).
11
Let x(l) = -15*l - 54. What is the remainder when x(-12) is divided by 13?
9
Let a(i) = -i**3 + 2*i**2 + 2*i - 2. Let m be a(0). Calculate the remainder when 3 is divided by 60/72 - m/12.
0
Suppose -2*p = -2*k - 8, -2*p + 8*k + 20 = 3*k. What is the remainder when 1 + 0 + (1 - (-43 - p)) is divided by 25?
20
Let p(t) = t**3 + 6*t**2 + 6*t - 4. Let s = -2 - -15. What is the remainder when s is divided by p(-3)?
3
Suppose 5*q - 166 = -3*a, -3*q = -2*a + 54 + 44. Let d(c) = 4*c - 4*c + 2*c + 7. What is the remainder when a is divided by d(10)?
25
Suppose 4*y - z + 25 = 6*y, 0 = 3*y + z - 38. Suppose -y*l + 52 = -39. Calculate the remainder when 12 is divided by l.
5
Suppose 94 = -5*t + 3*h, -2 = 4*t - 3*t + 5*h. Let s = -5 - t. What is the remainder when 42 is divided by s?
6
Suppose 2 = -p + 9. Let x(o) = o**2 - 11*o + 7 - o**2 - 9*o + 28*o - o**2. Calculate the remainder when x(p) is divided by 3.
2
Suppose -2376 = 42*p - 54*p. Calculate the remainder when p is divided by 4.
2
Let h = -6 + -24. Let a = 35 + h. What is the remainder when 8 is divided by a?
3
Suppose 2*b + 5*f = 89, f + 4 + 30 = b. Suppose 2*x = -0*x + 3*a + b, -5*a = -5*x + 95. Calculate the remainder when 35 is divided by x.
15
Let p = 32 - 19. Let s(y) = y**3 - 12*y**2 - 12*y + 13. Let q be s(p). Suppose -q - 7 = -r. Calculate the remainder when r is divided by 18.
15
Let c(r) = r**2 - 10*r + 182. Calculate the remainder when c(24) is divided by 105.
98
Suppose 2*i + 2*i - 216 = 0. Let s be ((-2)/(-6))/((-25)/(-975)). Suppose -3*y + 46 - s = 0. Calculate the remainder when i is divided by y.
10
Let j = 54 + 191. Suppose 3*q - 5*t - j = 0, -2*q = -3*q + 4*t + 91. Calculate the remainder when q is divided by 19.
18
Suppose -5*v + 330 = -5*j, -5*v + 4*v - 4*j = -71. Calculate the remainder when 132 is divided by v.
65
Let c(z) = -z**2 - 4*z + 7. Let x be c(4). Let d = x + 3. Let k = 48 + d. What is the remainder when k is divided by 14?
12
Suppose -10 = -2*z + 4*j, j - 19 = -3*z + 3. What is the remainder when 58 is divided by z?
2
Suppose -27 = 3*g + 5*z - 2*z, 5*g - 4*z = -27. Let f = 7 + g. Suppose 0 = -f*s - 2*s + 14. What is the remainder when 25 is divided by s?
4
Let t be (-1 - 1)*(-1)/2. Let p = t + 18. Calculate the remainder when p is divided by 10.
9
Let f be (-9 + 5)*(-53)/4. Suppose -f - 12 = -5*s. Calculate the remainder when s is divided by 7.
6
Let l(s) = -s**3 + 9*s**2 - 11*s + 12. Let r = 24 + -48. Let c = 41 + r. What is the remainder when l(7) is divided by c?
16
Let m = 238 + -119. Calculate the remainder when m is divided by 21.
14
Let s(d) = -440*d**2 + 458*d**2 - d + 1 + 4*d. Calculate the remainder when s(-2) is divided by 35.
32
Calculate the remainder when 98*(-10 + 246/21) is divided by 34.
32
Suppose 110 = 4*j - 2*c - 112, 3*j = 4*c + 164. What is the remainder when 33 is divided by 1032/j + 8/14?
14
Calculate the remainder when (0 + (-19)/2)*(-42)/3 is divided by 17.
14
Suppose 6*b + 13*b - 1615 = 0. Calculate the remainder when 330 is divided by b.
75
Let g(l) = -4*l - l - l + 3*l. Let t(f) = -f**3 + 7*f**2 + 15*f + 30. Calculate the remainder when g(-3) is divided by t(9).
0
Let p be (-2)/8 + 78/(-8). Let y = p - -12. Suppose 2*w - 2 = y. Calculate the remainder when 6 is divided by w.
0
Suppose 0 = -w + 5*u + 14 + 87, 1 = -u. What is the remainder when 103 is divided by w?
7
Let z = 379 - 373. What is the remainder when 62 is divided by z?
2
Suppose -2*z - 13 = 9. Let y = z + 15. What is the remainder when (-4 - -102)/(y/2) is divided by 13?
10
Suppose -20*v + 48 + 545 = -107. What is the remainder when v is divided by (-6)/1*(2 + -4)?
11
Suppose 3*z = 5*n - 82, -3*n = -7*z + 9*z - 34. Suppose -4*m - 3*d = -555, m + 0*m = -4*d + 142. What is the remainder when m is divided by n?
12
Let s = 22 - -10. Let m = s - 15. What is the remainder when m is divided by 3?
2
Let i = 0 - 5. Let x(m) = 7 - 3 + m - 11*m - m**2. Calculate the remainder when 55 is divided by x(i).
26
Let k = 92 + -83. Let w be -9*(-1 + (-6)/(-9)). Suppose -a - 30 = -w*a. What is the remainder when a is divided by k?
6
Let f = 16 + -16. Suppose 6*x + x - 105 = f. Suppose -5*h - i - 200 = -10*h, 0 = -3*h - i + 128. Calculate the remainder when h is divided by x.
11
Let n be (-147)/(-2) - (-13)/26. Let t(k) = k**2 - 3*k + 1. What is the remainder when (n/8)/((-8)/(-3